{"id":10,"date":"2020-09-15T10:38:12","date_gmt":"2020-09-15T10:38:12","guid":{"rendered":"https:\/\/challengeseconomiques.com\/?page_id=10"},"modified":"2021-05-04T10:20:13","modified_gmt":"2021-05-04T10:20:13","slug":"infos-eco","status":"publish","type":"page","link":"https:\/\/challengeseconomiques.com\/?page_id=10","title":{"rendered":"Infos \u00e9co"},"content":{"rendered":"\t\t<div data-elementor-type=\"wp-page\" data-elementor-id=\"10\" class=\"elementor elementor-10\">\n\t\t\t\t\t\t<section class=\"elementor-section elementor-top-section elementor-element elementor-element-7eb8f13 elementor-section-boxed elementor-section-height-default elementor-section-height-default\" data-id=\"7eb8f13\" data-element_type=\"section\" data-e-type=\"section\">\n\t\t\t\t\t\t<div class=\"elementor-container elementor-column-gap-default\">\n\t\t\t\t\t<div class=\"elementor-column elementor-col-100 elementor-top-column elementor-element elementor-element-ad90962\" data-id=\"ad90962\" data-element_type=\"column\" data-e-type=\"column\">\n\t\t\t<div class=\"elementor-widget-wrap elementor-element-populated\">\n\t\t\t\t\t\t<div class=\"elementor-element elementor-element-317b6dc elementor-widget elementor-widget-text-editor\" data-id=\"317b6dc\" data-element_type=\"widget\" data-e-type=\"widget\" data-widget_type=\"text-editor.default\">\n\t\t\t\t<div class=\"elementor-widget-container\">\n\t\t\t\t\t\t\t\t\t<p><ul class=\"lcp_catlist\" id=\"lcp_instance_0\"><li><a href=\"https:\/\/challengeseconomiques.com\/?p=8995\">SNDSPI 2025-2029 : Trois piliers pour booster la comp\u00e9titivit\u00e9 et l&rsquo;investissement au S\u00e9n\u00e9gal<\/a><\/li><li><a href=\"https:\/\/challengeseconomiques.com\/?p=8983\">CNES: Abdel Kader Ndiaye s\u2019installe  avec une feuille de route ax\u00e9e sur les r\u00e9sultats<\/a><\/li><li><a href=\"https:\/\/challengeseconomiques.com\/?p=8971\">Riz local : Serigne Gu\u00e8ye Diop d\u00e9voile des mesures \u00ab strat\u00e9giques \u00bb<\/a><\/li><li><a href=\"https:\/\/challengeseconomiques.com\/?p=8968\">La BIDC approuve 266,7 millions USD et 30 milliards FCFA d&rsquo;investissements pour cinq pays de la CEDEAO<\/a><\/li><li><a href=\"https:\/\/challengeseconomiques.com\/?p=8958\">S\u00e9curit\u00e9 alimentaire : la Banque mondiale d\u00e9bloque 46 millions de dollars pour l&rsquo;innovation et l&#8217;emploi en Afrique<\/a><\/li><li><a href=\"https:\/\/challengeseconomiques.com\/?p=8956\">Investissements : La BOAD injecte 193 milliards FCFA dans l&rsquo;\u00e9conomie s\u00e9n\u00e9galaise<\/a><\/li><li><a href=\"https:\/\/challengeseconomiques.com\/?p=8919\">Coop\u00e9ration S\u00e9n\u00e9gal-BAD : la Vice-Pr\u00e9sidente Nnenna Nwabufo en visite \u00e0 Dakar<\/a><\/li><li><a href=\"https:\/\/challengeseconomiques.com\/?p=8912\">Accompagnement des entreprises : Premi\u00e8re \u00e9dition du SICAO pr\u00e9vue en juin 2026<\/a><\/li><li><a href=\"https:\/\/challengeseconomiques.com\/?p=8832\">BIDC : Baba Malick Ba prend les commandes du bureau r\u00e9gional d\u2019Abidjan<\/a><\/li><li><a href=\"https:\/\/challengeseconomiques.com\/?p=8827\">Afrique de l\u2019Ouest : Le vol de b\u00e9tail, un fl\u00e9au \u00e0 467 millions de dollars par an<\/a><\/li><\/ul><\/p>\t\t\t\t\t\t\t\t<\/div>\n\t\t\t\t<\/div>\n\t\t\t\t\t<\/div>\n\t\t<\/div>\n\t\t\t\t\t<\/div>\n\t\t<\/section>\n\t\t\t\t<\/div>\n\t\t","protected":false},"excerpt":{"rendered":"","protected":false},"author":1,"featured_media":0,"parent":7,"menu_order":0,"comment_status":"closed","ping_status":"closed","template":"","meta":{"footnotes":""},"categories":[8,10],"tags":[],"class_list":["post-10","page","type-page","status-publish","hentry","category-actualite-economique","category-infos-eco","wpcat-8-id","wpcat-10-id"],"yoast_head":"<!-- This site is optimized with the Yoast SEO plugin v27.1.1 - https:\/\/yoast.com\/product\/yoast-seo-wordpress\/ -->\n<title>Infos \u00e9co - challenges economiques<\/title>\n<meta name=\"description\" content=\"rubrique de toutes les informations \u00e9conomiques\" \/>\n<meta name=\"robots\" content=\"index, follow, max-snippet:-1, max-image-preview:large, max-video-preview:-1\" \/>\n<link rel=\"canonical\" href=\"https:\/\/challengeseconomiques.com\/?page_id=10\" \/>\n<meta property=\"og:locale\" content=\"fr_FR\" \/>\n<meta property=\"og:type\" content=\"article\" \/>\n<meta property=\"og:title\" content=\"Infos \u00e9co - challenges economiques\" \/>\n<meta property=\"og:description\" content=\"rubrique de toutes les informations \u00e9conomiques\" \/>\n<meta property=\"og:url\" content=\"https:\/\/challengeseconomiques.com\/?page_id=10\" \/>\n<meta property=\"og:site_name\" content=\"challenges economiques\" \/>\n<meta property=\"article:modified_time\" content=\"2021-05-04T10:20:13+00:00\" \/>\n<meta name=\"twitter:card\" content=\"summary_large_image\" \/>\n<meta name=\"twitter:label1\" content=\"Dur\u00e9e de lecture estim\u00e9e\" \/>\n\t<meta name=\"twitter:data1\" content=\"1 minute\" \/>\n<script type=\"application\/ld+json\" class=\"yoast-schema-graph\">{\"@context\":\"https:\/\/schema.org\",\"@graph\":[{\"@type\":\"WebPage\",\"@id\":\"https:\/\/challengeseconomiques.com\/?page_id=10\",\"url\":\"https:\/\/challengeseconomiques.com\/?page_id=10\",\"name\":\"Infos \u00e9co - challenges economiques\",\"isPartOf\":{\"@id\":\"https:\/\/challengeseconomiques.com\/#website\"},\"datePublished\":\"2020-09-15T10:38:12+00:00\",\"dateModified\":\"2021-05-04T10:20:13+00:00\",\"description\":\"rubrique de toutes les informations \u00e9conomiques\",\"breadcrumb\":{\"@id\":\"https:\/\/challengeseconomiques.com\/?page_id=10#breadcrumb\"},\"inLanguage\":\"fr-FR\",\"potentialAction\":[{\"@type\":\"ReadAction\",\"target\":[\"https:\/\/challengeseconomiques.com\/?page_id=10\"]}]},{\"@type\":\"BreadcrumbList\",\"@id\":\"https:\/\/challengeseconomiques.com\/?page_id=10#breadcrumb\",\"itemListElement\":[{\"@type\":\"ListItem\",\"position\":1,\"name\":\"Home\",\"item\":\"https:\/\/challengeseconomiques.com\/\"},{\"@type\":\"ListItem\",\"position\":2,\"name\":\"Actualit\u00e9 \u00e9conomique\",\"item\":\"https:\/\/challengeseconomiques.com\/?page_id=7\"},{\"@type\":\"ListItem\",\"position\":3,\"name\":\"Infos \u00e9co\"}]},{\"@type\":\"WebSite\",\"@id\":\"https:\/\/challengeseconomiques.com\/#website\",\"url\":\"https:\/\/challengeseconomiques.com\/\",\"name\":\"challenges economiques\",\"description\":\"\",\"potentialAction\":[{\"@type\":\"SearchAction\",\"target\":{\"@type\":\"EntryPoint\",\"urlTemplate\":\"https:\/\/challengeseconomiques.com\/?s={search_term_string}\"},\"query-input\":{\"@type\":\"PropertyValueSpecification\",\"valueRequired\":true,\"valueName\":\"search_term_string\"}}],\"inLanguage\":\"fr-FR\"}]}<\/script>\n<!-- \/ Yoast SEO plugin. -->","yoast_head_json":{"title":"Infos \u00e9co - challenges economiques","description":"rubrique de toutes les informations \u00e9conomiques","robots":{"index":"index","follow":"follow","max-snippet":"max-snippet:-1","max-image-preview":"max-image-preview:large","max-video-preview":"max-video-preview:-1"},"canonical":"https:\/\/challengeseconomiques.com\/?page_id=10","og_locale":"fr_FR","og_type":"article","og_title":"Infos \u00e9co - challenges economiques","og_description":"rubrique de toutes les informations \u00e9conomiques","og_url":"https:\/\/challengeseconomiques.com\/?page_id=10","og_site_name":"challenges economiques","article_modified_time":"2021-05-04T10:20:13+00:00","twitter_card":"summary_large_image","twitter_misc":{"Dur\u00e9e de lecture estim\u00e9e":"1 minute"},"schema":{"@context":"https:\/\/schema.org","@graph":[{"@type":"WebPage","@id":"https:\/\/challengeseconomiques.com\/?page_id=10","url":"https:\/\/challengeseconomiques.com\/?page_id=10","name":"Infos \u00e9co - challenges economiques","isPartOf":{"@id":"https:\/\/challengeseconomiques.com\/#website"},"datePublished":"2020-09-15T10:38:12+00:00","dateModified":"2021-05-04T10:20:13+00:00","description":"rubrique de toutes les informations \u00e9conomiques","breadcrumb":{"@id":"https:\/\/challengeseconomiques.com\/?page_id=10#breadcrumb"},"inLanguage":"fr-FR","potentialAction":[{"@type":"ReadAction","target":["https:\/\/challengeseconomiques.com\/?page_id=10"]}]},{"@type":"BreadcrumbList","@id":"https:\/\/challengeseconomiques.com\/?page_id=10#breadcrumb","itemListElement":[{"@type":"ListItem","position":1,"name":"Home","item":"https:\/\/challengeseconomiques.com\/"},{"@type":"ListItem","position":2,"name":"Actualit\u00e9 \u00e9conomique","item":"https:\/\/challengeseconomiques.com\/?page_id=7"},{"@type":"ListItem","position":3,"name":"Infos \u00e9co"}]},{"@type":"WebSite","@id":"https:\/\/challengeseconomiques.com\/#website","url":"https:\/\/challengeseconomiques.com\/","name":"challenges economiques","description":"","potentialAction":[{"@type":"SearchAction","target":{"@type":"EntryPoint","urlTemplate":"https:\/\/challengeseconomiques.com\/?s={search_term_string}"},"query-input":{"@type":"PropertyValueSpecification","valueRequired":true,"valueName":"search_term_string"}}],"inLanguage":"fr-FR"}]}},"jetpack_sharing_enabled":true,"_links":{"self":[{"href":"https:\/\/challengeseconomiques.com\/index.php?rest_route=\/wp\/v2\/pages\/10","targetHints":{"allow":["GET"]}}],"collection":[{"href":"https:\/\/challengeseconomiques.com\/index.php?rest_route=\/wp\/v2\/pages"}],"about":[{"href":"https:\/\/challengeseconomiques.com\/index.php?rest_route=\/wp\/v2\/types\/page"}],"author":[{"embeddable":true,"href":"https:\/\/challengeseconomiques.com\/index.php?rest_route=\/wp\/v2\/users\/1"}],"replies":[{"embeddable":true,"href":"https:\/\/challengeseconomiques.com\/index.php?rest_route=%2Fwp%2Fv2%2Fcomments&post=10"}],"version-history":[{"count":19,"href":"https:\/\/challengeseconomiques.com\/index.php?rest_route=\/wp\/v2\/pages\/10\/revisions"}],"predecessor-version":[{"id":1024,"href":"https:\/\/challengeseconomiques.com\/index.php?rest_route=\/wp\/v2\/pages\/10\/revisions\/1024"}],"up":[{"embeddable":true,"href":"https:\/\/challengeseconomiques.com\/index.php?rest_route=\/wp\/v2\/pages\/7"}],"wp:attachment":[{"href":"https:\/\/challengeseconomiques.com\/index.php?rest_route=%2Fwp%2Fv2%2Fmedia&parent=10"}],"wp:term":[{"taxonomy":"category","embeddable":true,"href":"https:\/\/challengeseconomiques.com\/index.php?rest_route=%2Fwp%2Fv2%2Fcategories&post=10"},{"taxonomy":"post_tag","embeddable":true,"href":"https:\/\/challengeseconomiques.com\/index.php?rest_route=%2Fwp%2Fv2%2Ftags&post=10"}],"curies":[{"name":"wp","href":"https:\/\/api.w.org\/{rel}","templated":true}]}}